455313104
In base 10, what is -270191049 + 5?
-270191044
In base 5, what is -20102 - -22221?
2114
In base 9, what is 11825 - 7702?
3123
In base 10, what is -48 - 81025?
-81073
In base 16, what is 8e12cfa + 0?
8e12cfa
In base 8, what is 175 - -2367041?
2367236
In base 15, what is -8 - 247c4d?
-247c56
In base 3, what is 1022020222200111201 - 0?
1022020222200111201
In base 7, what is 3 + -25012134?
-25012131
In base 6, what is 1331131 + 104?
1331235
In base 12, what is 685 - 12804?
-1213b
In base 12, what is 3a4b - -11ba8?
15a37
In base 15, what is -1bc + -10493?
-10660
In base 13, what is -9192563 - 0?
-9192563
In base 15, what is -1e0c163 - -10?
-1e0c153
In base 2, what is 1111011001011101010 + 10100?
1111011001011111110
In base 12, what is -1a66ba - -280?
-1a643a
In base 5, what is 320 - -1032443122?
1032443442
In base 3, what is 12202121210122 - -12?
12202121210211
In base 12, what is -1 + -a06b0?
-a06b1
In base 11, what is 21 - 1186322?
-1186301
In base 10, what is -2 + 106331590?
106331588
In base 14, what is -126 + -1b6cd?
-1b815
In base 12, what is 2 - 6924427b?
-69244279
In base 7, what is 3333 - 330445?
-324112
In base 2, what is 1 - 10110011100110100011110011?
-10110011100110100011110010
In base 11, what is -52a021 - -115?
-529a07
In base 3, what is 10211112 - 2020210?
1120202
In base 3, what is 2012200110212 - 120?
2012200110022
In base 15, what is 14b86bb - 5?
14b86b6
In base 7, what is 21166306060 + 2?
21166306062
In base 15, what is 4 - -69e912?
69e916
In base 15, what is -2eac8c - -d?
-2eac7e
In base 14, what is -131cd + 31b?
-12cb2
In base 14, what is 3 + -145d23a?
-145d237
In base 9, what is 31433 - 2633?
27700
In base 14, what is -d9d - d07?
-1ca6
In base 5, what is 3021313000 - -144?
3021313144
In base 9, what is 462 - 3040?
-2467
In base 10, what is 47 + 4609249?
4609296
In base 10, what is -8664 - 76353?
-85017
In base 4, what is 2 + -1130232201131?
-1130232201123
In base 14, what is -8c79 + 4a1?
-87b8
In base 15, what is 14c44c + 5?
14c452
In base 4, what is 1312 - -3130122333?
3130130311
In base 6, what is -41312231 + 115?
-41312112
In base 14, what is -305d4 - 50?
-30644
In base 8, what is 5400523 + 25?
5400550
In base 8, what is 2 + -212747500?
-212747476
In base 14, what is 18171 + -57?
18118
In base 8, what is -10101 - -6257?
-1622
In base 3, what is 111101121011222121 - 11?
111101121011222110
In base 5, what is 24114 + 10002113?
10031232
In base 6, what is -40424 + 14454?
-21530
In base 9, what is -81 - -13514?
13423
In base 16, what is 0 - -a7c179?
a7c179
In base 4, what is -1212020 - -3033031?
1221011
In base 16, what is -13d1c96 - 1?
-13d1c97
In base 12, what is 157b6 + 17b5?
173ab
In base 14, what is c468 + 91?
c519
In base 7, what is -155206661 - -2?
-155206656
In base 4, what is 10 - -1221323322102?
1221323322112
In base 11, what is 1706aa584 + 1?
1706aa585
In base 8, what is -42 + 30362263?
30362221
In base 16, what is 803e8 - -19?
80401
In base 12, what is -4b8544 + 766?
-4b799a
In base 7, what is -30 + 56426503?
56426443
In base 8, what is -1141575723 - -4?
-1141575717
In base 5, what is -311000112 + -21?
-311000133
In base 4, what is -11 + 12233303132213?
12233303132202
In base 12, what is 1b0218 - -10a4?
1b1300
In base 11, what is -1 - -21794933?
21794932
In base 10, what is 144457 + 6?
144463
In base 4, what is -10201222 + -20323?
-10222211
In base 15, what is 470b5 - -5?
470ba
In base 7, what is 3646 + -55221?
-51242
In base 9, what is 2 + 5034844?
5034846
In base 2, what is 1011010101000001 - 110100101001?
1010100000011000
In base 6, what is 3552221 + 10?
3552231
In base 10, what is -378 - -61148?
60770
In base 2, what is 0 - 111001011010110110000111?
-111001011010110110000111
In base 12, what is -13382072 - -2?
-13382070
In base 4, what is -122010323202 + -212?
-122010330020
In base 3, what is 1011110020202 + 2000?
1011110022202
In base 7, what is 1046263 + -1342?
1044621
In base 9, what is 440 + 43716?
44256
In base 14, what is -14ba6 - -ac6?
-140c0
In base 6, what is -31131 + -1004?
-32135
In base 2, what is -10000101101101000011000 + -100?
-10000101101101000011100
In base 8, what is 343402527 - 4?
343402523
In base 2, what is 110001100010110011 + 1000111001?
110001101011101100
In base 3, what is -22002020101110022 + 12?
-22002020101110010
In base 2, what is -10100110011100110001000010 + 0?
-10100110011100110001000010
In base 11, what is -4 - -183233aa?
183233a6
In base 15, what is 14d405 + -e0?
14d315
In base 5, what is 223314 + -24222?
144042
In base 5, what is 2112102 + 34210?
2201312
In base 6, what is 55521 + 15145?
115110
In base 6, what is 24240 + 5012132?
5040412
In base 6, what is -342 + 1253000?
1252214
In base 12, what is -6a2a8401 - 1?
-6a2a8402
In base 16, what is 5dcef0f + -5?
5dcef0a
In base 8, what is -2 - 1751415440?
-1751415442
In base 4, what is 1 - 312303321312?
-312303321311
In base 5, what is 10 - 14202201010?
-14202201000
In base 8, what is 1344 - -12507?
14053
In base 11, what is -1561869 + 148?
-1561721
In base 9, what is -13 + -2887474?
-2887487
In base 3, what is -112 + 10010002220011?
10010002212122
In base 5, what is -12301424 + 12433?
-12233441
In base 14, what is -1b074 + -40?
-1b0b4
In base 7, what is 60 + -41064560?
-41064500
In base 11, what is -2aa8a + 1587?
-29503
In base 16, what is -124dc8b - 15?
-124dca0
In base 6, what is -245 - 11203414?
-11204103
In base 12, what is -432ba7a4 - -2?
-432ba7a2
In base 4, what is 23212 - 123032?
-33220
In base 9, what is 105353321 - 5?
105353315
In base 13, what is 132a561 + 1a?
132a57b
In base 9, what is 463008 - 102?
462806
In base 3, what is 11102200010202 + -1210?
11102200001222
In base 9, what is -3 + 35380872?
35380868
In base 4, what is 2330212020 + -31?
2330211323
In base 3, what is -21001021202 - 2120102?
-21010212011
In base 5, what is -13224310 + 2032?
-13222223
In base 14, what is -bd0 - 139b39?
-13a929
In base 6, what is -2442 - 30131?
-33013
In base 6, what is 12113010 - -10?
12113020
In base 2, what is -111011101101 - 10011000101101000?
-10100000001010101
In base 12, what is -6740809 + -6?
-6740813
In base 9, what is -101380320 + 1?
-101380318
In base 8, what is 530073752 + 2?
530073754
In base 13, what is -1 - 1293ac4?
-1293ac5
In base 15, what is -e53987 - -3?
-e53984
In base 12, what is 5 + 1832059?
1832062
In base 12, what is -8a3 - 16295?
-16b78
In base 15, what is -6113a + -6a?
-611a5
In base 5, what is 3130 + -12141031?
-12132401
In base 6, what is 114412104 + -551?
114411113
In base 5, what is -4224013 + -1202?
-4230220
In base 3, what is -110021102 - -111110110?
1012001
In base 6, what is -115044040 + 2041?
-115041555
In base 12, what is 13 + b367b4?
b36807
In base 12, what is 405b8 - -2a9?
408a5
In base 2, what is -1000010101 + -1010001010?
-10010011111
In base 12, what is -23a - 32aa6?
-33124
In base 13, what is -1 - 2039129?
-203912a
In base 2, what is -111001110101100101 + -111101010?
-111001111101001111
In base 4, what is 3110 + -133202122?
-133133012
In base 4, what is -110122332300221 - 11?
-110122332300232
In base 5, what is -104020 + 20302?
-33213
In base 9, what is 15167 + 871?
16148
In base 16, what is 2 + -92cc1e?
-92cc1c
In base 8, what is -1 - 14525512?
-14525513
In base 5, what is 0 - 1233232221?
-1233232221
In base 6, what is -341452 + 232414?
-105034
In base 6, what is 11143 - 21301?
-10114
In base 11, what is -19077304a - -1?
-190773049
In base 3, what is 1010002002 + -210111?
1002021121
In base 12, what is -580 + 106?
-476
In base 3, what is 1112010 - -101111000?
110000010
In base 4, what is 110 - -10221200101?
10221200211
In base 5, what is 2034 - -2221103?
2223142
In base 13, what is -2b + 358a6?
35878
In base 4, what is 1322333101030 - -132?
1322333101222
In base 8, what is 667 + -10276?
-7407
In base 16, what is 11 + 24ce1?
24cf2
In base 16, what is -4 + 161c63?
161c5f
In base 16, what is -12 + 8e4fa?
8e4e8
In base 5, what is 22043121 - -223?
22043344
In base 2, what is -101 + 1110000010100101001110000011?
1110000010100101001101111110
In base 11, what is 832 - 94794?
-93a62
In base 6, what is 432152 + -20525?
411223
In base 11, what is -30 + 29893a?
29890a
In base 2, what is 1001110101000100 + -1001010?
1001110011111010
In base 10, what is -7 + 616708?
616701
In base 4, what is 